 thousands digit of 29095?
2
What is the tens digit of 850?
5
What is the hundred thousands digit of 105980?
1
What is the thousands digit of 18661?
8
What is the hundreds digit of 841?
8
What is the thousands digit of 9843?
9
What is the units digit of 38218?
8
What is the hundreds digit of 1648?
6
What is the tens digit of 2840?
4
What is the thousands digit of 13305?
3
What is the hundreds digit of 134304?
3
What is the ten thousands digit of 16172?
1
What is the ten thousands digit of 111741?
1
What is the hundreds digit of 1649?
6
What is the hundreds digit of 33565?
5
What is the units digit of 2599?
9
What is the tens digit of 765?
6
What is the hundreds digit of 15654?
6
What is the tens digit of 569?
6
What is the ten thousands digit of 63322?
6
What is the units digit of 15222?
2
What is the units digit of 1576?
6
What is the thousands digit of 10092?
0
What is the units digit of 1490?
0
What is the tens digit of 11529?
2
What is the tens digit of 802?
0
What is the units digit of 24?
4
What is the hundreds digit of 173?
1
What is the hundreds digit of 22498?
4
What is the ten thousands digit of 129450?
2
What is the units digit of 2170?
0
What is the units digit of 2847?
7
What is the ten thousands digit of 88099?
8
What is the hundred thousands digit of 109487?
1
What is the tens digit of 769?
6
What is the hundreds digit of 591?
5
What is the units digit of 5333?
3
What is the thousands digit of 50139?
0
What is the tens digit of 4107?
0
What is the units digit of 48098?
8
What is the units digit of 1022?
2
What is the hundreds digit of 28947?
9
What is the hundreds digit of 211?
2
What is the units digit of 1720?
0
What is the hundreds digit of 894?
8
What is the thousands digit of 12237?
2
What is the hundreds digit of 1490?
4
What is the hundreds digit of 439?
4
What is the ten thousands digit of 51907?
5
What is the units digit of 8873?
3
What is the hundreds digit of 6894?
8
What is the tens digit of 34500?
0
What is the thousands digit of 1401?
1
What is the ten thousands digit of 38348?
3
What is the tens digit of 2280?
8
What is the tens digit of 365?
6
What is the units digit of 32?
2
What is the hundreds digit of 2115?
1
What is the tens digit of 8990?
9
What is the hundreds digit of 728?
7
What is the units digit of 4414?
4
What is the ten thousands digit of 123208?
2
What is the tens digit of 137?
3
What is the ten thousands digit of 40850?
4
What is the hundreds digit of 6900?
9
What is the hundreds digit of 1273?
2
What is the hundreds digit of 191?
1
What is the units digit of 9590?
0
What is the hundreds digit of 48914?
9
What is the hundreds digit of 7685?
6
What is the thousands digit of 192379?
2
What is the units digit of 1560?
0
What is the thousands digit of 2305?
2
What is the thousands digit of 18091?
8
What is the thousands digit of 12323?
2
What is the units digit of 283?
3
What is the hundreds digit of 904?
9
What is the hundreds digit of 2875?
8
What is the hundreds digit of 1880?
8
What is the units digit of 30589?
9
What is the hundreds digit of 30308?
3
What is the units digit of 6473?
3
What is the thousands digit of 21554?
1
What is the thousands digit of 4943?
4
What is the ten thousands digit of 57086?
5
What is the hundreds digit of 3288?
2
What is the tens digit of 11651?
5
What is the thousands digit of 55891?
5
What is the hundreds digit of 52858?
8
What is the hundreds digit of 117118?
1
What is the units digit of 1059?
9
What is the thousands digit of 2533?
2
What is the hundreds digit of 2153?
1
What is the units digit of 446?
6
What is the tens digit of 15686?
8
What is the tens digit of 55571?
7
What is the tens digit of 20103?
0
What is the thousands digit of 7301?
7
What is the hundreds digit of 109?
1
What is the units digit of 11414?
4
What is the hundreds digit of 3096?
0
What is the thousands digit of 1269?
1
What is the thousands digit of 8020?
8
What is the thousands digit of 2324?
2
What is the tens digit of 146885?
8
What is the hundreds digit of 419?
4
What is the units digit of 1387?
7
What is the units digit of 595?
5
What is the hundreds digit of 101?
1
What is the thousands digit of 69184?
9
What is the hundreds digit of 7976?
9
What is the units digit of 507?
7
What is the thousands digit of 29827?
9
What is the tens digit of 1897?
9
What is the thousands digit of 2207?
2
What is the units digit of 1116?
6
What is the units digit of 47783?
3
What is the thousands digit of 4167?
4
What is the thousands digit of 96780?
6
What is the tens digit of 20220?
2
What is the tens digit of 1129?
2
What is the hundreds digit of 290?
2
What is the units digit of 5852?
2
What is the hundreds digit of 54907?
9
What is the ten thousands digit of 32582?
3
What is the tens digit of 226?
2
What is the tens digit of 52982?
8
What is the units digit of 427?
7
What is the units digit of 3900?
0
What is the hundreds digit of 16934?
9
What is the hundreds digit of 850?
8
What is the ten thousands digit of 29996?
2
What is the hundreds digit of 48463?
4
What is the hundreds digit of 402?
4
What is the tens digit of 1575?
7
What is the units digit of 6826?
6
What is the units digit of 1?
1
What is the hundreds digit of 17135?
1
What is the tens digit of 2507?
0
What is the thousands digit of 9536?
9
What is the hundreds digit of 2161?
1
What is the tens digit of 31008?
0
What is the hundreds digit of 29724?
7
What is the tens digit of 372?
7
What is the hundreds digit of 966?
9
What is the ten thousands digit of 43564?
4
What is the tens digit of 8097?
9
What is the units digit of 55296?
6
What is the units digit of 2514?
4
What is the tens digit of 13567?
6
What is the thousands digit of 7299?
7
What is the units digit of 4554?
4
What is the hundreds digit of 2199?
1
What is the ten thousands digit of 26923?
2
What is the units digit of 846?
6
What is the hundreds digit of 12077?
0
What is the tens digit of 3314?
1
What is the units digit of 526?
6
What is the tens digit of 76249?
4
What is the hundreds digit of 2703?
7
What is the tens digit of 4355?
5
What is the ten thousands digit of 78232?
7
What is the tens digit of 2931?
3
What is the thousands digit of 1470?
1
What is the ten thousands digit of 15257?
1
What is the tens digit of 694?
9
What is the hundreds digit of 372?
3
What is the tens digit of 54?
5
What is the tens digit of 5223?
2
What is the units digit of 8726?
6
What is the units digit of 1170?
0
What is the tens digit of 631?
3
What is the ten thousands digit of 19920?
1
What is the hundreds digit of 1213?
2
What is the units digit of 3026?
6
What is the units digit of 9446?
6
What is the tens digit of 4141?
4
What is the hundreds digit of 2954?
9
What is the hundreds digit of 1555?
5
What is the thousands digit of 67475?
7
What is the hundreds digit of 4018?
0
What is the units digit of 6479?
9
What is the units digit of 236?
6
What is the tens digit of 1737?
3
What is the thousands digit of 7053?
7
What is the tens digit of 2005?
0
What is the hundreds digit of 1003?
0
What is the tens digit of 74?
7
What is the thousands digit of 3860?
3
What is the ten thousands digit of 115008?
1
What is the thousands digit of 74425?
4
What is the tens digit of 862?
6
What is the thousands digit of 19288?
9
What is the thousands digit of 1880?
1
What is the hundreds digit of 156?
1
What is the hundreds digit of 2484?
4
What is the hundreds digit of 16789?
7
What is the hundreds digit of 700?
7
What is the thousands digit of 36984?
6
What is the units digit of 4765?
5
What is the thousands digit of 2014?
2
What is the hundreds digit of 3702?
7
What is the units digit of 8685?
5
What is the tens digit of 624?
2
What is the units digit of 1900?
0
What is the thousands digit of 19772?
9
What is the units digit of 40222?
2
What is the units digit of 138567?
7
What is the tens digit of 8956?
5
What is the tens digit of 10748?
4
What is the tens digit of 1250?
5
What is the ten thousands digit of 10298?
1
What is the hundreds digit of 1139?
1
What is the tens digit of 148?
4
What is the hundreds digit of 282?
2
What is the hundreds digit of 2627?
6
What is the thousands digit of 82826?
2
What is the ten thousands digit of 137267?
3
What is the ten thousands digit of 45607?
4
What is the hundr